pose o*z - 84*z + 64 = 0. What is the highest common factor of z and 56?
8
Suppose 1745 = 3*s + 4*v, -1684 = -4*s - 4*v + 636. Let i = -539 + s. Calculate the greatest common factor of 288 and i.
36
Let v be -1*30*(-8)/12. Let y be (-108)/135 + 2/(v/18). Calculate the greatest common divisor of y and 1.
1
Suppose -6 + 0 = -2*i. Let t(q) = q**2 - 13*q + 50. Let w be t(5). Let j be (9/12)/(w/40). Calculate the greatest common divisor of j and i.
3
Suppose -38*u + 18312 = 25*u + 155*u. What is the highest common factor of 9702 and u?
42
Let j = 383 + -218. Let b = -40 + 745. Let r = b - 690. Calculate the highest common divisor of j and r.
15
Let z be ((-54)/10)/(12/320*-4). Let q be 164/6 - (-3)/(-9). Let t = q + -18. What is the greatest common factor of t and z?
9
Suppose -3*a = -1751 - 559. Calculate the highest common divisor of 30 and a.
10
Let a be (-9)/(-5)*(35 + -23 + -7). Calculate the highest common factor of a and 10467.
9
Suppose 6*n + 198531 = 2*n + 13*n. Calculate the greatest common factor of 18 and n.
9
Let z be 126/5 - (-9 - 230/(-25)). Suppose -20 = x - z. Let y be (-4)/18 - (-55)/45. Calculate the greatest common divisor of x and y.
1
Let v be (11 - 2) + -6 + 0. Suppose -3*o + h = 6*h - 359, -4*o + 497 = v*h. Calculate the greatest common factor of o and 8.
8
Let p(z) = z - 26. Let w be p(8). Let l be (-3)/(-3 + 30) - 1010/w. What is the greatest common factor of l and 35?
7
Let r be ((-280)/120 - 331/15)/((-10)/1550). Calculate the greatest common divisor of r and 488.
122
Let g = -340 - -1926. What is the highest common factor of g and 244?
122
Suppose -5*d + 114 = -3*v, -2*d = -0*d + v - 50. Let b = 17 - 12. Suppose -s + 28 = 4*p, 4*p + 1 = b. What is the greatest common divisor of s and d?
24
Suppose 2*q + 1 = -5*m, -4*q + 7*q + 5*m + 4 = 0. Let d be 258/12*(-3 + 8 + q). Calculate the highest common factor of 1591 and d.
43
Suppose 86*y - 6 = 84*y. Suppose 4*k - z + 64 = 237, -141 = -3*k + y*z. What is the greatest common factor of 42 and k?
42
Let o = -461 - -461. Let s(u) = 6*u + 62. Let n be s(o). Let f = 115 + 40. Calculate the greatest common divisor of f and n.
31
Suppose -13*o + 3*t = -8*o - 1159, 4*o + 4*t - 876 = 0. What is the greatest common factor of o and 13847?
227
Let h = 252 - 252. Suppose h = -4*b + 70 - 34. Let m = 96 - -3. What is the highest common divisor of m and b?
9
Let p = 66 + -62. Suppose -p*t + 68 = 4*y, -3*t + 4*y - 2*y = -41. Let a be 100/(-6)*36/(-10). What is the greatest common factor of t and a?
15
Let a(o) = 31*o**2 - 2003*o + 142. Let p be a(65). What is the greatest common factor of p and 3?
1
Suppose -7352 = -38*x - 5800 + 24668. Calculate the greatest common factor of x and 17480.
230
Suppose 27*i - 1024 = 22*i + 3*u, u - 826 = -4*i. Calculate the greatest common factor of 103 and i.
103
Let f be (-33)/(-8 + 8 + -1). Suppose -31*w = -4736 - 3448. What is the greatest common divisor of w and f?
33
Let q be (14/(-4))/(18280/2032 + -9). Let u = q + -493. Calculate the greatest common divisor of 36 and u.
36
Let b be (2282/16 - 0) + 12/32. Let w be (-2)/(-10) - (-156)/(-30). Let f = w - -16. What is the greatest common factor of b and f?
11
Suppose 5*g = 1018 - 778. Let z = 319 + -303. Calculate the greatest common factor of g and z.
16
Let w be ((-45)/(-18))/(15/936). Suppose -w = 8*k - 21*k. Let z be ((-18)/5)/((-1)/5). What is the highest common divisor of k and z?
6
Let p = -24301 - -24310. What is the highest common divisor of 25956 and p?
9
Let q be ((0 + 2)/(-2))/(11/(-1650)). Calculate the highest common divisor of 6000 and q.
150
Let w be 9*((-28)/(-12) + -1). Suppose -14 = -32*y + 30*y. Suppose 5*m - x - 23 = 0, -2*m - y = -3*x - 24. Calculate the greatest common divisor of m and w.
4
Let t be 3 + 2 - (3 + (2 - 4)). Suppose 7*g = 11 - t. Let m(r) = 25*r**3 + 2*r**2 - 2*r + 1. Let q be m(g). What is the greatest common divisor of q and 2?
2
Suppose z + 4*u = 68, -4*z - 7*u + 316 = -2*u. Let n = -251 + 288. Suppose -n*i = -44*i + 196. What is the highest common divisor of i and z?
28
Let q be 2*8/(-120) + (-23768)/(-60). What is the greatest common factor of 52 and q?
4
Let u be 6*(-77)/(-21) + (-8)/(-2). Let m(v) = v + 2. Let j be m(0). Calculate the greatest common divisor of j and u.
2
Suppose -q + 5*i + 29 = 0, 5*i - 92 = -2*q - 4. Suppose 32 = 4*z - 3*x + 2*x, -z + x + 8 = 0. Let w = z + -5. What is the greatest common factor of q and w?
3
Let c be (-64)/6*(-62 - (-30)/(-3)). Calculate the highest common divisor of c and 12.
12
Let z be 5*(4 + 184/20). Suppose 2*m = 5*m - z. Let w = -4 + m. What is the highest common divisor of 27 and w?
9
Let m be (-1)/3 + -4 + 26/6. Let o(n) = -20*n + 198. Let w be o(m). What is the highest common factor of w and 55?
11
Suppose -9*a + 61686 = 14*a. Suppose 75*s - 3318 = a. Suppose 43 = -2*r + 139. What is the highest common divisor of r and s?
16
Suppose 3*v = -s + 4703, -53*s = 4*v - 76*s - 6441. What is the greatest common factor of v and 140?
10
Let b(h) be the second derivative of 4*h**3/3 + 135*h**2 + 2*h - 6. Let f be b(0). Calculate the highest common divisor of f and 45.
45
Let l be 2/60*10 + (-3497)/(-3). Suppose -26*q + l = -56. Calculate the greatest common divisor of q and 1175.
47
Suppose -6*d = 2 - 32. Let y = -19 - -15. Let t be (7 - 2)*(1 + (y - -11)). What is the highest common divisor of t and d?
5
Let d be 755/4 - 725/(-580). Calculate the greatest common factor of d and 1387.
19
Let n be ((-105)/(-10))/((-18)/(-36) - (-2)/(-6)). What is the greatest common divisor of 13293 and n?
63
Let v(m) = 5*m - 4. Let a be v(10). Let q = a - 18. Suppose q*l = 31*l - 63. Calculate the greatest common factor of 231 and l.
21
Suppose -255 = -3*l + 26*q - 25*q, 0 = -5*l - 3*q + 411. Calculate the highest common divisor of 5516 and l.
28
Suppose 0 = 4*t - 596 - 40. Let f = t + -111. Suppose -3*i + f = -i. What is the greatest common divisor of i and 16?
8
Let v be ((-7427)/(-42))/((-1)/(-6)). Suppose -8*f + 19 = -v. Calculate the greatest common factor of f and 54.
27
Let o = -26276 + 33690. What is the highest common factor of 110 and o?
22
Suppose -4*k - r = -2*k - 669, 5*r - 649 = -2*k. Let y = -169 + k. What is the highest common factor of y and 24?
24
Suppose -187*m + 7790 + 10 = 73*m. Calculate the highest common divisor of 4935 and m.
15
Let y = 3452 + -2831. Calculate the highest common factor of 675 and y.
27
Let t(m) = -55*m**3 + 46*m**2 + 127*m + 11. Let d be t(-3). What is the greatest common divisor of 143 and d?
11
Let i(t) = t**2 - 157*t + 5. Let w be i(-26). Let j be w/22 - 1/(-2). Calculate the greatest common factor of j and 155.
31
Let g(s) = s**2 - 18*s - 495. Let a be g(41). Calculate the greatest common factor of a and 272.
16
Suppose 0 = -3*q - p - 3*p + 38, -p = -5*q + 71. Let h be (120/(-72))/((-1)/33). Suppose 0 = q*j - 9*j - h. Calculate the highest common factor of 88 and j.
11
Let d = -2 - -5. Suppose 0 = -7*f + 5*f + 6. Suppose f*l = -m + 1, -4*m + m - 2*l + 3 = 0. What is the highest common divisor of d and m?
1
Let i(h) = -198*h + 1518. Let x be i(7). Calculate the greatest common divisor of x and 588.
12
Suppose -m + 1669 = -5*s, -4 = -121*s + 119*s. What is the highest common divisor of m and 184?
23
Let k(x) = 12*x**2 - 49*x - 541. Let b be k(-7). Calculate the greatest common factor of 9620 and b.
130
Let i = 7185 + -6408. What is the greatest common factor of 63 and i?
21
Let c(r) = -4*r**2 - 42*r + 30. Let g be c(-10). Calculate the greatest common factor of g and 5150.
50
Let w = -7001 + 7259. Calculate the greatest common divisor of w and 172.
86
Suppose 794 = 158*o - 154. Calculate the greatest common factor of 354 and o.
6
Let g(k) be the third derivative of 191*k**4/12 + 7*k**3/3 + 110*k**2. Let h be g(1). Calculate the highest common divisor of h and 9.
9
Suppose t = -b + 57, -4*b + 171 = t - 48. Suppose 4*i - 23 = -d + 95, -3*d + b = 2*i. Calculate the highest common divisor of 300 and i.
30
Suppose 134*y - 1065 - 588 = 357. Calculate the greatest common factor of 95 and y.
5
Let v(m) = 3 + 3 + 6 + 85*m - 7*m**2. Let u be v(12). Let y(r) = -17*r + 2. Let g be y(-2). What is the greatest common factor of u and g?
12
Let u be 1/3 + 14/(-63)*-21. Suppose 0 = r - 5*l - 7, -r - u*l = -0*r + 13